{"id":277,"date":"2020-07-15T16:52:21","date_gmt":"2020-07-15T14:52:21","guid":{"rendered":"http:\/\/www.saoma.ch\/?page_id=277"},"modified":"2026-01-05T14:22:51","modified_gmt":"2026-01-05T13:22:51","slug":"bienvenue","status":"publish","type":"page","link":"https:\/\/www.saoma.ch\/","title":{"rendered":"Bienvenue"},"content":{"rendered":"\t\t<div data-elementor-type=\"wp-page\" data-elementor-id=\"277\" class=\"elementor elementor-277\" data-elementor-post-type=\"page\">\n\t\t\t\t\t\t<section class=\"elementor-section elementor-top-section elementor-element elementor-element-1f25051 elementor-section-full_width elementor-section-height-default elementor-section-height-default\" data-id=\"1f25051\" data-element_type=\"section\" data-e-type=\"section\">\n\t\t\t\t\t\t<div class=\"elementor-container elementor-column-gap-default\">\n\t\t\t\t\t<div class=\"elementor-column elementor-col-100 elementor-top-column elementor-element elementor-element-90ac051\" data-id=\"90ac051\" data-element_type=\"column\" data-e-type=\"column\">\n\t\t\t<div class=\"elementor-widget-wrap elementor-element-populated\">\n\t\t\t\t\t\t<div class=\"elementor-element elementor-element-a1e0339 elementor-widget elementor-widget-heading\" data-id=\"a1e0339\" data-element_type=\"widget\" data-e-type=\"widget\" data-widget_type=\"heading.default\">\n\t\t\t\t<div class=\"elementor-widget-container\">\n\t\t\t\t\t<p class=\"elementor-heading-title elementor-size-xl\">Nous cr\u00e9ons notre r\u00e9alit\u00e9<\/p>\t\t\t\t<\/div>\n\t\t\t\t<\/div>\n\t\t\t\t\t<\/div>\n\t\t<\/div>\n\t\t\t\t\t<\/div>\n\t\t<\/section>\n\t\t\t\t<section class=\"elementor-section elementor-top-section elementor-element elementor-element-d900806 elementor-section-full_width elementor-section-height-default elementor-section-height-default\" data-id=\"d900806\" data-element_type=\"section\" data-e-type=\"section\">\n\t\t\t\t\t\t<div class=\"elementor-container elementor-column-gap-default\">\n\t\t\t\t\t<div class=\"elementor-column elementor-col-100 elementor-top-column elementor-element elementor-element-34aa019\" data-id=\"34aa019\" data-element_type=\"column\" data-e-type=\"column\">\n\t\t\t<div class=\"elementor-widget-wrap elementor-element-populated\">\n\t\t\t\t\t\t<div class=\"elementor-element elementor-element-5f272d9 elementor-widget elementor-widget-text-editor\" data-id=\"5f272d9\" data-element_type=\"widget\" data-e-type=\"widget\" data-widget_type=\"text-editor.default\">\n\t\t\t\t<div class=\"elementor-widget-container\">\n\t\t\t\t\t\t\t\t\t<p>Si nos pens\u00e9es nous permettent de mat\u00e9rialiser nos id\u00e9es, il en est de m\u00eame en ce qui concerne la maladie.\u00a0<\/p><p>Nous chargeons notre environnement et tout ce qui nous entoure de nos ondes par nos actions, pens\u00e9es et \u00e9motions et par cons\u00e9quent nos corps ainsi que notre ADN. Cela vous semble farfelu? Pas tant que \u00e7a! Et vous allez comprendre pourquoi. Rien de mieux que des exemples concrets pour que vous compreniez ce processus.<\/p><p>Un des exemples les plus communs est le stress. Il vous met dans des \u00e9tats de burnout ou peut m\u00eame trouer votre estomac (ulc\u00e8re). Ceci est donc bien la preuve que nos pens\u00e9es agissent sur notre corps physique.<\/p><p>Un autre exemple saisissant est une exp\u00e9rience o\u00f9 la personne est assise devant une table sur laquelle elle pose ses deux bras parall\u00e8lement. Un \u00e9cran est mis en place devant elle puis le bras gauche est couvert afin qu&rsquo;il disparaisse de sa vue. Une main en caoutchouc est plac\u00e9e sortant du drap comme si c&rsquo;\u00e9tait sa main gauche. L&rsquo;exp\u00e9rimentateur se place en face, de fa\u00e7on \u00e0 pouvoir passer des pinceaux de fa\u00e7on identique et synchrone sur et entre chaque doigt pendant quelques minutes en expliquant ce qu&rsquo;il fait. Au fur et \u00e0 mesure que les minutes avancent, la personne int\u00e8gre progressivement la main en caoutchouc comme \u00e9tant la sienne. Les sensations per\u00e7ues par sa main cach\u00e9e sont associ\u00e9es \u00e0 la main qu\u2019elle voit. L&rsquo;exp\u00e9rimentateur pique alors vivement la main en caoutchouc avec une aiguille. La personne r\u00e9agit en criant de douleur et en retirant sa main gauche qu&rsquo;elle masse \u00e0 l&rsquo;endroit o\u00f9 elle pense avoir \u00e9t\u00e9 piqu\u00e9e. Elle a senti une douleur l\u00e0 o\u00f9 il n&rsquo;y en avait pas. En examinant son cerveau, ils ont pu constater que les aires c\u00e9r\u00e9brales correspondantes aux perceptions sensorielles ont \u00e9t\u00e9 activ\u00e9es alors qu&rsquo;aucun r\u00e9cepteur n&rsquo;a \u00e9t\u00e9 stimul\u00e9. C&rsquo;est donc son cerveau qui \u00e0 cr\u00e9e cette douleur.<\/p><p>R\u00e9sum\u00e9 du livre de Patrick Clervoy <em>\u00ab\u00a0Les pouvoirs de l&rsquo;esprit sur le corps\u00a0\u00bb.<\/em><\/p><p><em>\u00a0<\/em>Il en est de m\u00eame pour tout ce qui nous entoure. Si nous pouvons nous impacter nous-m\u00eame, nous pouvons de toute \u00e9vidence impacter ce qui nous entoure.<\/p><p>Les travaux de M. Masaru Emoto viennent largement argumenter ce ph\u00e9nom\u00e8ne de mani\u00e8re tout aussi fabuleuse!<\/p><p>Ce monsieur a, entre autres exp\u00e9riences, congel\u00e9 de l&rsquo;eau dans des conditions sp\u00e9cifiques et tr\u00e8s strictes en passant diff\u00e9rents types de musiques allant du classique au heavy-m\u00e9tal. (J&rsquo;ai chang\u00e9 de type de musique depuis ^^). L&rsquo;analyse au microscope des cristaux congel\u00e9s d\u00e9montre clairement que certains cristaux sont parfaitement harmonieux et magnifiques tandis que d&rsquo;autres, respectivement au style de musique sont parfaitement anarchiques.<\/p><p>Je porte maintenant \u00e0 votre conscience que notre corps est constitu\u00e9 de 60 \u00e0 70% d&rsquo;eau et notre cerveau de 90% d&rsquo;eau. Si de la musique \u00e0 un tel effet sur de l&rsquo;eau, imaginez l&rsquo;impact de votre parole sur votre corps!\u00a0<b><br \/><\/b><\/p><p><b>Nos pens\u00e9es et notre parole cr\u00e9e notre r\u00e9alit\u00e9.<\/b> D&rsquo;o\u00f9 l&rsquo;int\u00e9r\u00eat de faire un travail en amont, sur les \u00e9motions, les traumas, les sch\u00e9mas parfois inconscients ou simplement apprendre \u00e0 accueillir les \u00e9motions. On dit bien que tout ce que l&rsquo;on exprime pas s&rsquo;imprime. En y rajoutant les facteurs externes, vous comprendrez ais\u00e9ment que nous avons une part de responsabilit\u00e9 dans notre sant\u00e9 et que la fatalit\u00e9 n&rsquo;y a plus vraiment sa place contrairement au mode de pens\u00e9e par lequel nous sommes tous conditionn\u00e9s.<\/p><p>L&rsquo;h\u00e9r\u00e9dit\u00e9 me direz-vous et c&rsquo;est un facteur ind\u00e9niable. Toutefois, certaines \u00e9tudes prouvent d\u00e9sormais que nous avons la capacit\u00e9 de modifier cette charge. Il existe des ouvrages \u00e0 ce sujet qui expliquent pourquoi votre mode de vie compte plus que votre h\u00e9r\u00e9dit\u00e9.<\/p><p><strong>C&rsquo;est pour cela que j&rsquo;ai choisi de vous accompagner sur diff\u00e9rents plans : physique, mental, \u00e9motionnel, mental, \u00e9nerg\u00e9tique et spirituel.<\/strong><\/p>\t\t\t\t\t\t\t\t<\/div>\n\t\t\t\t<\/div>\n\t\t\t\t<div class=\"elementor-element elementor-element-54ee1e9 elementor-widget-divider--view-line elementor-widget elementor-widget-divider\" data-id=\"54ee1e9\" data-element_type=\"widget\" data-e-type=\"widget\" data-widget_type=\"divider.default\">\n\t\t\t\t<div class=\"elementor-widget-container\">\n\t\t\t\t\t\t\t<div class=\"elementor-divider\">\n\t\t\t<span class=\"elementor-divider-separator\">\n\t\t\t\t\t\t<\/span>\n\t\t<\/div>\n\t\t\t\t\t\t<\/div>\n\t\t\t\t<\/div>\n\t\t\t\t\t<\/div>\n\t\t<\/div>\n\t\t\t\t\t<\/div>\n\t\t<\/section>\n\t\t\t\t<section class=\"elementor-section elementor-top-section elementor-element elementor-element-b82f683 elementor-section-full_width elementor-section-height-default elementor-section-height-default\" data-id=\"b82f683\" data-element_type=\"section\" data-e-type=\"section\">\n\t\t\t\t\t\t<div class=\"elementor-container elementor-column-gap-default\">\n\t\t\t\t\t<div class=\"elementor-column elementor-col-66 elementor-top-column elementor-element elementor-element-fb02fd8\" data-id=\"fb02fd8\" data-element_type=\"column\" data-e-type=\"column\">\n\t\t\t<div class=\"elementor-widget-wrap elementor-element-populated\">\n\t\t\t\t\t\t<div class=\"elementor-element elementor-element-584c02d elementor-widget elementor-widget-heading\" data-id=\"584c02d\" data-element_type=\"widget\" data-e-type=\"widget\" data-widget_type=\"heading.default\">\n\t\t\t\t<div class=\"elementor-widget-container\">\n\t\t\t\t\t<p class=\"elementor-heading-title elementor-size-xl\">D\u00e9couvrez le site en musique\u200b<\/p>\t\t\t\t<\/div>\n\t\t\t\t<\/div>\n\t\t\t\t<div class=\"elementor-element elementor-element-6afc6d3 elementor-widget elementor-widget-text-editor\" data-id=\"6afc6d3\" data-element_type=\"widget\" data-e-type=\"widget\" data-widget_type=\"text-editor.default\">\n\t\t\t\t<div class=\"elementor-widget-container\">\n\t\t\t\t\t\t\t\t\t<p>En cliquant ci dessous vous d\u00e9couvrirez des chant qui reconnectent aux \u00e9l\u00e9ments et au coeur de soi. Vous pourrez ainsi continuer de naviguer librement sur le site en \u00e9tant emport\u00e9 par la magie de ces m\u00e9lodies vibrantes. Profitez-en \u00e9galement pour vous en mettre plein le c\u0153ur avec ces paysages magiques de mes voyages. Je vous emm\u00e8ne dans\u00a0<a href=\"https:\/\/www.saoma.ch\/?page_id=283\" target=\"_blank\" rel=\"noopener\">mon Univers !<\/a> Nous sommes un.<\/p>\t\t\t\t\t\t\t\t<\/div>\n\t\t\t\t<\/div>\n\t\t\t\t\t<\/div>\n\t\t<\/div>\n\t\t\t\t<div class=\"elementor-column elementor-col-33 elementor-top-column elementor-element elementor-element-1e5ae10\" data-id=\"1e5ae10\" data-element_type=\"column\" data-e-type=\"column\">\n\t\t\t<div class=\"elementor-widget-wrap elementor-element-populated\">\n\t\t\t\t\t\t<div class=\"elementor-element elementor-element-ded8d36 elementor-widget elementor-widget-image\" data-id=\"ded8d36\" data-element_type=\"widget\" data-e-type=\"widget\" data-widget_type=\"image.default\">\n\t\t\t\t<div class=\"elementor-widget-container\">\n\t\t\t\t\t\t\t\t\t\t\t\t\t\t\t<img fetchpriority=\"high\" decoding=\"async\" width=\"1024\" height=\"599\" src=\"https:\/\/www.saoma.ch\/wp-content\/uploads\/2021\/02\/Logo-entier-saOMa-titre-site-1024x599.png\" class=\"attachment-large size-large wp-image-1399\" alt=\"\" srcset=\"https:\/\/www.saoma.ch\/wp-content\/uploads\/2021\/02\/Logo-entier-saOMa-titre-site-1024x599.png 1024w, https:\/\/www.saoma.ch\/wp-content\/uploads\/2021\/02\/Logo-entier-saOMa-titre-site-300x176.png 300w, https:\/\/www.saoma.ch\/wp-content\/uploads\/2021\/02\/Logo-entier-saOMa-titre-site-768x450.png 768w, https:\/\/www.saoma.ch\/wp-content\/uploads\/2021\/02\/Logo-entier-saOMa-titre-site.png 1469w\" sizes=\"(max-width: 1024px) 100vw, 1024px\" \/>\t\t\t\t\t\t\t\t\t\t\t\t\t\t\t<\/div>\n\t\t\t\t<\/div>\n\t\t\t\t\t<\/div>\n\t\t<\/div>\n\t\t\t\t\t<\/div>\n\t\t<\/section>\n\t\t\t\t<section class=\"elementor-section elementor-top-section elementor-element elementor-element-5fda24b elementor-section-stretched elementor-section-boxed elementor-section-height-default elementor-section-height-default\" data-id=\"5fda24b\" data-element_type=\"section\" data-e-type=\"section\" data-settings=\"{&quot;stretch_section&quot;:&quot;section-stretched&quot;}\">\n\t\t\t\t\t\t<div class=\"elementor-container elementor-column-gap-default\">\n\t\t\t\t\t<div class=\"elementor-column elementor-col-100 elementor-top-column elementor-element elementor-element-7005e60\" data-id=\"7005e60\" data-element_type=\"column\" data-e-type=\"column\">\n\t\t\t<div class=\"elementor-widget-wrap elementor-element-populated\">\n\t\t\t\t\t\t<div class=\"elementor-element elementor-element-32a892b elementor-widget elementor-widget-spacer\" data-id=\"32a892b\" data-element_type=\"widget\" data-e-type=\"widget\" data-widget_type=\"spacer.default\">\n\t\t\t\t<div class=\"elementor-widget-container\">\n\t\t\t\t\t\t\t<div class=\"elementor-spacer\">\n\t\t\t<div class=\"elementor-spacer-inner\"><\/div>\n\t\t<\/div>\n\t\t\t\t\t\t<\/div>\n\t\t\t\t<\/div>\n\t\t\t\t<div class=\"elementor-element elementor-element-f282708 elementor-widget elementor-widget-audio\" data-id=\"f282708\" data-element_type=\"widget\" data-e-type=\"widget\" data-widget_type=\"audio.default\">\n\t\t\t\t<div class=\"elementor-widget-container\">\n\t\t\t\t\t\t\t\t<div class=\"elementor-soundcloud-wrapper\">\n\t\t\t\t<iframe width=\"1140\" height=\"200\" frameborder=\"no\" src=\"https:\/\/w.soundcloud.com\/player\/?visual=false&#038;url=https%3A%2F%2Fapi.soundcloud.com%2Ftracks%2F676172513&#038;show_artwork=true&#038;maxheight=1000&#038;maxwidth=1140&#038;auto_play=false&#038;buying=false&#038;liking=false&#038;download=true&#038;sharing=true&#038;show_comments=false&#038;show_playcount=false&#038;show_user=true&#038;color=318A1D\"><\/iframe>\t\t\t<\/div>\n\t\t\t\t\t\t\t<\/div>\n\t\t\t\t<\/div>\n\t\t\t\t<div class=\"elementor-element elementor-element-d3a0910 elementor-widget elementor-widget-audio\" data-id=\"d3a0910\" data-element_type=\"widget\" data-e-type=\"widget\" data-widget_type=\"audio.default\">\n\t\t\t\t<div class=\"elementor-widget-container\">\n\t\t\t\t\t\t\t\t<div class=\"elementor-soundcloud-wrapper\">\n\t\t\t\t<iframe width=\"1140\" height=\"200\" frameborder=\"no\" src=\"https:\/\/w.soundcloud.com\/player\/?visual=false&#038;url=https%3A%2F%2Fapi.soundcloud.com%2Ftracks%2F1810371513&#038;show_artwork=true&#038;maxheight=1000&#038;maxwidth=1140&#038;auto_play=false&#038;buying=false&#038;liking=false&#038;download=true&#038;sharing=true&#038;show_comments=false&#038;show_playcount=false&#038;show_user=true&#038;color=318A1D\"><\/iframe>\t\t\t<\/div>\n\t\t\t\t\t\t\t<\/div>\n\t\t\t\t<\/div>\n\t\t\t\t\t<\/div>\n\t\t<\/div>\n\t\t\t\t\t<\/div>\n\t\t<\/section>\n\t\t\t\t<\/div>\n\t\t","protected":false},"excerpt":{"rendered":"<p>Nous cr\u00e9ons notre r\u00e9alit\u00e9 Si nos pens\u00e9es nous permettent de mat\u00e9rialiser nos id\u00e9es, il en est de m\u00eame en ce qui concerne la maladie.\u00a0 Nous chargeons notre environnement et tout ce qui nous entoure de nos ondes par nos actions, pens\u00e9es et \u00e9motions et par cons\u00e9quent nos corps ainsi que notre ADN. Cela vous semble <a href=\"https:\/\/www.saoma.ch\/\" class=\"read-more below\">READ MORE<\/a><\/p>\n","protected":false},"author":1,"featured_media":73,"parent":0,"menu_order":0,"comment_status":"closed","ping_status":"closed","template":"","meta":{"footnotes":""},"class_list":["post-277","page","type-page","status-publish","has-post-thumbnail","hentry"],"_links":{"self":[{"href":"https:\/\/www.saoma.ch\/index.php?rest_route=\/wp\/v2\/pages\/277","targetHints":{"allow":["GET"]}}],"collection":[{"href":"https:\/\/www.saoma.ch\/index.php?rest_route=\/wp\/v2\/pages"}],"about":[{"href":"https:\/\/www.saoma.ch\/index.php?rest_route=\/wp\/v2\/types\/page"}],"author":[{"embeddable":true,"href":"https:\/\/www.saoma.ch\/index.php?rest_route=\/wp\/v2\/users\/1"}],"replies":[{"embeddable":true,"href":"https:\/\/www.saoma.ch\/index.php?rest_route=%2Fwp%2Fv2%2Fcomments&post=277"}],"version-history":[{"count":174,"href":"https:\/\/www.saoma.ch\/index.php?rest_route=\/wp\/v2\/pages\/277\/revisions"}],"predecessor-version":[{"id":9860,"href":"https:\/\/www.saoma.ch\/index.php?rest_route=\/wp\/v2\/pages\/277\/revisions\/9860"}],"wp:featuredmedia":[{"embeddable":true,"href":"https:\/\/www.saoma.ch\/index.php?rest_route=\/wp\/v2\/media\/73"}],"wp:attachment":[{"href":"https:\/\/www.saoma.ch\/index.php?rest_route=%2Fwp%2Fv2%2Fmedia&parent=277"}],"curies":[{"name":"wp","href":"https:\/\/api.w.org\/{rel}","templated":true}]}}